{"id":175,"date":"2022-01-13T11:14:30","date_gmt":"2022-01-13T08:14:30","guid":{"rendered":"https:\/\/jorest.pro\/?page_id=175"},"modified":"2023-11-09T14:37:53","modified_gmt":"2023-11-09T11:37:53","slug":"rekry","status":"publish","type":"page","link":"https:\/\/jorest.pro\/?page_id=175","title":{"rendered":"Rekry"},"content":{"rendered":"\n<div class=\"is-light wp-block-cover alignfull\"><span aria-hidden=\"true\" class=\"wp-block-cover__background has-primary-background-color has-background-dim-100 has-background-dim\"><\/span><div class=\"wp-block-cover__inner-container is-layout-flow wp-block-cover-is-layout-flow\">\n<h1 class=\"wp-block-heading has-text-align-center has-background-color has-text-color has-link-color wp-elements-54ee26a0b3e1c25286c8a728430784f8\"><strong>Etsimme joukkoomme rakennusalan ammattilaisia.<\/strong> <strong>Tule meille t\u00f6ihin!<\/strong><\/h1>\n<\/div><\/div>\n\n\n\n<div class=\"wp-block-columns is-layout-flex wp-container-core-columns-is-layout-9d6595d7 wp-block-columns-is-layout-flex\">\n<div class=\"wp-block-column is-layout-flow wp-block-column-is-layout-flow\" style=\"flex-basis:60%\">\n<p class=\"\"><br>Ty\u00f6skentelemme Helsinki &#8211; Oulu -v\u00e4lill\u00e4,<br>t\u00f6iden kuitenkin painottuessa pk-seudulle.<br>Teemme erilaisia rakennusalan t\u00f6it\u00e4,<br>p\u00e4\u00e4painon ollessa teollisuuden saneeraust\u00f6iss\u00e4.<\/p>\n\n\n\n<p class=\"\">Mik\u00e4li sinulta l\u00f6ytyy rakennusalan kokemusta,<br>olet oma-aloitteinen ja luotettava ty\u00f6ntekij\u00e4,<br>ota yhteytt\u00e4 oheisella lomakkeella!<\/p>\n\n\n\n<p class=\"\">Lis\u00e4tiedot tarjolla olevista teht\u00e4vist\u00e4:<\/p>\n\n\n\n<p class=\"\">Jori Kantonen<br><a href=\"mailto:info@jorest.pro\">info@jorest.pro<\/a><br>0400 875 271<\/p>\n<\/div>\n\n\n\n<div class=\"wp-block-column is-vertically-aligned-top is-layout-flow wp-block-column-is-layout-flow\" style=\"flex-basis:40%\">\n<h5 class=\"wp-block-heading alignwide\">Hae meille t\u00f6ihin!<\/h5>\n\n\n<div class=\"wpforms-container wpforms-container-full wpforms-block wpforms-block-6564ab81-e1de-4669-b549-509324e4f3ed\" id=\"wpforms-177\"><form id=\"wpforms-form-177\" class=\"wpforms-validate wpforms-form wpforms-ajax-form\" data-formid=\"177\" method=\"post\" enctype=\"multipart\/form-data\" action=\"\/index.php?rest_route=%2Fwp%2Fv2%2Fpages%2F175\" data-token=\"b0367ef5cc1ba71235882cb9e944da9f\" data-token-time=\"1775908536\"><noscript class=\"wpforms-error-noscript\">Please enable JavaScript in your browser to complete this form.<\/noscript><div class=\"wpforms-field-container\"><div id=\"wpforms-177-field_2-container\" class=\"wpforms-field wpforms-field-name\" data-field-id=\"2\"><label class=\"wpforms-field-label wpforms-label-hide\" for=\"wpforms-177-field_2\">Nimi <span class=\"wpforms-required-label\">*<\/span><\/label><div class=\"wpforms-field-row wpforms-field-large\"><div class=\"wpforms-field-row-block wpforms-first wpforms-one-half\"><input type=\"text\" id=\"wpforms-177-field_2\" class=\"wpforms-field-name-first wpforms-field-required\" name=\"wpforms[fields][2][first]\" placeholder=\"Etunimi\" required><label for=\"wpforms-177-field_2\" class=\"wpforms-field-sublabel after wpforms-sublabel-hide\">First<\/label><\/div><div class=\"wpforms-field-row-block wpforms-one-half\"><input type=\"text\" id=\"wpforms-177-field_2-last\" class=\"wpforms-field-name-last wpforms-field-required\" name=\"wpforms[fields][2][last]\" placeholder=\"Sukunimi\" required><label for=\"wpforms-177-field_2-last\" class=\"wpforms-field-sublabel after wpforms-sublabel-hide\">Last<\/label><\/div><\/div><\/div><div id=\"wpforms-177-field_3-container\" class=\"wpforms-field wpforms-field-number\" data-field-id=\"3\"><label class=\"wpforms-field-label wpforms-label-hide\" for=\"wpforms-177-field_3\">Puhelinnumero <span class=\"wpforms-required-label\">*<\/span><\/label><input type=\"number\" id=\"wpforms-177-field_3\" class=\"wpforms-field-large wpforms-field-required\" name=\"wpforms[fields][3]\" placeholder=\"Puhelinnumero\" step=\"any\" required><\/div><div id=\"wpforms-177-field_4-container\" class=\"wpforms-field wpforms-field-email\" data-field-id=\"4\"><label class=\"wpforms-field-label wpforms-label-hide\" for=\"wpforms-177-field_4\">S\u00e4hk\u00f6posti <span class=\"wpforms-required-label\">*<\/span><\/label><input type=\"email\" id=\"wpforms-177-field_4\" class=\"wpforms-field-large wpforms-field-required\" name=\"wpforms[fields][4]\" placeholder=\"S\u00e4hk\u00f6posti\" spellcheck=\"false\" required><\/div><div id=\"wpforms-177-field_5-container\" class=\"wpforms-field wpforms-field-text\" data-field-id=\"5\"><label class=\"wpforms-field-label wpforms-label-hide\" for=\"wpforms-177-field_5\">Asuinpaikkakunta <span class=\"wpforms-required-label\">*<\/span><\/label><input type=\"text\" id=\"wpforms-177-field_5\" class=\"wpforms-field-large wpforms-field-required\" name=\"wpforms[fields][5]\" placeholder=\"Asuinpaikkakunta\" required><\/div><div id=\"wpforms-177-field_6-container\" class=\"wpforms-field wpforms-field-textarea\" data-field-id=\"6\"><label class=\"wpforms-field-label\" for=\"wpforms-177-field_6\">Ty\u00f6kokemus (ty\u00f6nantaja, ajankohta ja ty\u00f6teht\u00e4v\u00e4t)<\/label><textarea id=\"wpforms-177-field_6\" class=\"wpforms-field-medium\" name=\"wpforms[fields][6]\" ><\/textarea><\/div><div id=\"wpforms-177-field_7-container\" class=\"wpforms-field wpforms-field-textarea\" data-field-id=\"7\"><label class=\"wpforms-field-label\" for=\"wpforms-177-field_7\">Koulutus (oppilaitos, ajankohta ja suoritettu tutkinto)<\/label><textarea id=\"wpforms-177-field_7\" class=\"wpforms-field-medium\" name=\"wpforms[fields][7]\" ><\/textarea><\/div><\/div><!-- .wpforms-field-container --><div class=\"wpforms-submit-container\" ><input type=\"hidden\" name=\"wpforms[id]\" value=\"177\"><input type=\"hidden\" name=\"page_title\" value=\"\"><input type=\"hidden\" name=\"page_url\" value=\"https:\/\/jorest.pro\/index.php?rest_route=\/wp\/v2\/pages\/175\"><input type=\"hidden\" name=\"url_referer\" value=\"\"><button type=\"submit\" name=\"wpforms[submit]\" id=\"wpforms-submit-177\" class=\"wpforms-submit\" data-alt-text=\"L\u00e4hetet\u00e4\u00e4n...\" data-submit-text=\"L\u00e4het\u00e4\" aria-live=\"assertive\" value=\"wpforms-submit\">L\u00e4het\u00e4<\/button><img loading=\"lazy\" decoding=\"async\" src=\"https:\/\/jorest.pro\/wp-content\/plugins\/wpforms-lite\/assets\/images\/submit-spin.svg\" class=\"wpforms-submit-spinner\" style=\"display: none;\" width=\"26\" height=\"26\" alt=\"Loading\"><\/div><\/form><\/div>  <!-- .wpforms-container --><\/div>\n<\/div>\n","protected":false},"excerpt":{"rendered":"<p>Ty\u00f6skentelemme Helsinki &#8211; Oulu -v\u00e4lill\u00e4,t\u00f6iden kuitenkin painottuessa pk-seudulle.Teemme erilaisia rakennusalan t\u00f6it\u00e4,p\u00e4\u00e4painon ollessa teollisuuden saneeraust\u00f6iss\u00e4. Mik\u00e4li sinulta l\u00f6ytyy rakennusalan kokemusta,olet oma-aloitteinen ja luotettava ty\u00f6ntekij\u00e4,ota yhteytt\u00e4 oheisella lomakkeella! Lis\u00e4tiedot tarjolla olevista teht\u00e4vist\u00e4: Jori Kantoneninfo@jorest.pro0400 875 271 Hae meille t\u00f6ihin!<\/p>\n","protected":false},"author":1,"featured_media":0,"parent":0,"menu_order":0,"comment_status":"closed","ping_status":"closed","template":"templates\/template-full-width.php","meta":{"nf_dc_page":"","om_disable_all_campaigns":false,"_monsterinsights_skip_tracking":false,"_monsterinsights_sitenote_active":false,"_monsterinsights_sitenote_note":"","_monsterinsights_sitenote_category":0,"footnotes":""},"class_list":["post-175","page","type-page","status-publish","hentry"],"aioseo_notices":[],"jetpack_sharing_enabled":true,"_links":{"self":[{"href":"https:\/\/jorest.pro\/index.php?rest_route=\/wp\/v2\/pages\/175","targetHints":{"allow":["GET"]}}],"collection":[{"href":"https:\/\/jorest.pro\/index.php?rest_route=\/wp\/v2\/pages"}],"about":[{"href":"https:\/\/jorest.pro\/index.php?rest_route=\/wp\/v2\/types\/page"}],"author":[{"embeddable":true,"href":"https:\/\/jorest.pro\/index.php?rest_route=\/wp\/v2\/users\/1"}],"replies":[{"embeddable":true,"href":"https:\/\/jorest.pro\/index.php?rest_route=%2Fwp%2Fv2%2Fcomments&post=175"}],"version-history":[{"count":6,"href":"https:\/\/jorest.pro\/index.php?rest_route=\/wp\/v2\/pages\/175\/revisions"}],"predecessor-version":[{"id":208,"href":"https:\/\/jorest.pro\/index.php?rest_route=\/wp\/v2\/pages\/175\/revisions\/208"}],"wp:attachment":[{"href":"https:\/\/jorest.pro\/index.php?rest_route=%2Fwp%2Fv2%2Fmedia&parent=175"}],"curies":[{"name":"wp","href":"https:\/\/api.w.org\/{rel}","templated":true}]}}